{"id":503,"date":"2024-06-15T17:54:05","date_gmt":"2024-06-15T15:54:05","guid":{"rendered":"http:\/\/127.0.0.1\/eka-groupe\/?page_id=503"},"modified":"2025-04-03T15:49:14","modified_gmt":"2025-04-03T13:49:14","slug":"projets-industriels","status":"publish","type":"page","link":"https:\/\/eis-ekagroup.com\/?page_id=503","title":{"rendered":"Projets Industriels"},"content":{"rendered":"<style>.elementor-503 .elementor-element.elementor-element-8c9c44f{--display:flex;--flex-direction:column;--container-widget-width:100%;--container-widget-height:initial;--container-widget-flex-grow:0;--container-widget-align-self:initial;--flex-wrap-mobile:wrap;--padding-top:60px;--padding-bottom:60px;--padding-left:0px;--padding-right:0px;}.elementor-503 .elementor-element.elementor-element-8c9c44f:not(.elementor-motion-effects-element-type-background), .elementor-503 .elementor-element.elementor-element-8c9c44f > .elementor-motion-effects-container > .elementor-motion-effects-layer{background-image:url(\"https:\/\/eis-ekagroup.com\/wp-content\/uploads\/2024\/06\/shape19-2-1-150x150-1.png\");}.elementor-widget-heading .elementor-heading-title{font-family:var( --e-global-typography-primary-font-family ), Sans-serif;font-weight:var( --e-global-typography-primary-font-weight );color:var( --e-global-color-primary );}.elementor-503 .elementor-element.elementor-element-c9cbc74{text-align:center;}.elementor-503 .elementor-element.elementor-element-c9cbc74 .elementor-heading-title{font-family:\"Poppins\", Sans-serif;font-size:2.5rem;font-weight:700;line-height:1.2em;color:#000000;}.elementor-503 .elementor-element.elementor-element-ffd3d50{--display:flex;--flex-direction:row;--container-widget-width:initial;--container-widget-height:100%;--container-widget-flex-grow:1;--container-widget-align-self:stretch;--flex-wrap-mobile:wrap;}.elementor-503 .elementor-element.elementor-element-a48e7d3{--display:flex;}.elementor-503 .elementor-element.elementor-element-a48e7d3.e-con{--flex-grow:0;--flex-shrink:0;}.elementor-widget-text-editor{font-family:var( --e-global-typography-text-font-family ), Sans-serif;font-weight:var( --e-global-typography-text-font-weight );color:var( --e-global-color-text );}.elementor-widget-text-editor.elementor-drop-cap-view-stacked .elementor-drop-cap{background-color:var( --e-global-color-primary );}.elementor-widget-text-editor.elementor-drop-cap-view-framed .elementor-drop-cap, .elementor-widget-text-editor.elementor-drop-cap-view-default .elementor-drop-cap{color:var( --e-global-color-primary );border-color:var( --e-global-color-primary );}.elementor-503 .elementor-element.elementor-element-de2165d{color:#383838;width:var( --container-widget-width, 99.634% );max-width:99.634%;--container-widget-width:99.634%;--container-widget-flex-grow:0;}.elementor-503 .elementor-element.elementor-element-de2165d.elementor-element{--flex-grow:0;--flex-shrink:0;}.elementor-503 .elementor-element.elementor-element-1e31400{--display:flex;--justify-content:center;}.elementor-widget-image-gallery .gallery-item .gallery-caption{font-family:var( --e-global-typography-accent-font-family ), Sans-serif;font-weight:var( --e-global-typography-accent-font-weight );}.elementor-503 .elementor-element.elementor-element-accacd5 .gallery-item{padding:0 25px 25px 0;}.elementor-503 .elementor-element.elementor-element-accacd5 .gallery{margin:0 -25px -25px 0;}.elementor-503 .elementor-element.elementor-element-accacd5 .gallery-item .gallery-caption{text-align:center;}.elementor-503 .elementor-element.elementor-element-2c4917c{--display:flex;--flex-direction:column;--container-widget-width:100%;--container-widget-height:initial;--container-widget-flex-grow:0;--container-widget-align-self:initial;--flex-wrap-mobile:wrap;--padding-top:050px;--padding-bottom:50px;--padding-left:0px;--padding-right:0px;}.elementor-503 .elementor-element.elementor-element-2c4917c:not(.elementor-motion-effects-element-type-background), .elementor-503 .elementor-element.elementor-element-2c4917c > .elementor-motion-effects-container > .elementor-motion-effects-layer{background-color:#231F20;background-image:url(\"https:\/\/eis-ekagroup.com\/wp-content\/uploads\/2024\/06\/shape34-2-1.png\");}.elementor-503 .elementor-element.elementor-element-a3ec560{text-align:center;}.elementor-503 .elementor-element.elementor-element-a3ec560 .elementor-heading-title{font-family:\"Poppins\", Sans-serif;font-size:2.5rem;font-weight:700;line-height:1.2em;color:#F68C49;}.elementor-503 .elementor-element.elementor-element-5763919{--e-image-carousel-slides-to-show:3;}.elementor-503 .elementor-element.elementor-element-5763919 .elementor-swiper-button.elementor-swiper-button-prev, .elementor-503 .elementor-element.elementor-element-5763919 .elementor-swiper-button.elementor-swiper-button-next{font-size:28px;color:#F68C49;}.elementor-503 .elementor-element.elementor-element-5763919 .elementor-swiper-button.elementor-swiper-button-prev svg, .elementor-503 .elementor-element.elementor-element-5763919 .elementor-swiper-button.elementor-swiper-button-next svg{fill:#F68C49;}.elementor-503 .elementor-element.elementor-element-5763919 .swiper-pagination-bullet{width:8px;height:8px;background:#F68C49;}.elementor-503 .elementor-element.elementor-element-5763919 .swiper-pagination-bullet:not(.swiper-pagination-bullet-active){background:#E2E2E2;opacity:1;}.elementor-503 .elementor-element.elementor-element-5763919 .swiper-wrapper{display:flex;align-items:center;}@media(min-width:768px){.elementor-503 .elementor-element.elementor-element-a48e7d3{--width:67.231%;}}@media(max-width:1024px){.elementor-503 .elementor-element.elementor-element-c9cbc74{width:100%;max-width:100%;}.elementor-503 .elementor-element.elementor-element-a3ec560{width:100%;max-width:100%;}}@media(max-width:767px){.elementor-503 .elementor-element.elementor-element-c9cbc74 .elementor-heading-title{font-size:1.4rem;}.elementor-503 .elementor-element.elementor-element-a3ec560 .elementor-heading-title{font-size:1.4rem;}}<\/style>\t\t<div data-elementor-type=\"wp-page\" data-elementor-id=\"503\" class=\"elementor elementor-503\">\n\t\t\t\t<div class=\"elementor-element elementor-element-8c9c44f e-flex e-con-boxed wpr-particle-no wpr-jarallax-no wpr-parallax-no wpr-sticky-section-no e-con e-parent\" data-id=\"8c9c44f\" data-element_type=\"container\" data-e-type=\"container\" data-settings=\"{&quot;background_background&quot;:&quot;classic&quot;}\">\n\t\t\t\t\t<div class=\"e-con-inner\">\n\t\t\t\t<div class=\"elementor-element elementor-element-c9cbc74 elementor-widget-tablet__width-inherit elementor-widget elementor-widget-heading\" data-id=\"c9cbc74\" data-element_type=\"widget\" data-e-type=\"widget\" data-widget_type=\"heading.default\">\n\t\t\t\t<div class=\"elementor-widget-container\">\n\t\t\t\t\t<h2 class=\"elementor-heading-title elementor-size-default\">Projets Industriels<\/h2>\t\t\t\t<\/div>\n\t\t\t\t<\/div>\n\t\t<div class=\"elementor-element elementor-element-ffd3d50 e-flex e-con-boxed wpr-particle-no wpr-jarallax-no wpr-parallax-no wpr-sticky-section-no e-con e-child\" data-id=\"ffd3d50\" data-element_type=\"container\" data-e-type=\"container\">\n\t\t\t\t\t<div class=\"e-con-inner\">\n\t\t<div class=\"elementor-element elementor-element-a48e7d3 e-con-full e-flex wpr-particle-no wpr-jarallax-no wpr-parallax-no wpr-sticky-section-no e-con e-child\" data-id=\"a48e7d3\" data-element_type=\"container\" data-e-type=\"container\">\n\t\t\t\t<div class=\"elementor-element elementor-element-de2165d elementor-widget__width-initial elementor-widget elementor-widget-text-editor\" data-id=\"de2165d\" data-element_type=\"widget\" data-e-type=\"widget\" data-widget_type=\"text-editor.default\">\n\t\t\t\t<div class=\"elementor-widget-container\">\n\t\t\t\t\t\t\t\t\t<div class=\"vc_row wpb_row vc_row-fluid\"><div class=\"wpb_column vc_column_container vc_col-sm-6\"><div class=\"vc_column-inner\"><div class=\"wpb_wrapper\"><div class=\"wpb_text_column wpb_content_element \"><div class=\"wpb_wrapper\"><p>Le Groupe EIS-EKA entreprend des projets industriels dans diff\u00e9rents secteurs pour le d\u00e9veloppement de l\u2019infrastructure et de l\u2019industrie de transformation<\/p><p class=\"padding_bottom\"><strong>Nous nous concentrons principalement sur les secteurs suivants du projet :<\/strong><\/p><ul><li>Usines textiles de coton<\/li><li>P\u00e9trole &amp; gaz<\/li><li>Parcs industriels &amp; ateliers<\/li><li>Technologies de l\u2019information (TI) &amp; les t\u00e9l\u00e9communications<\/li><\/ul><p class=\"padding_bottom\">Soci\u00e9t\u00e9 d\u2019ing\u00e9nierie, d\u2019approvisionnement et de construction (EPC), le Groupe EIS-EKA couvre tous les aspects des activit\u00e9s, \u00e0 savoir<\/p><ul><li>Faisabilit\u00e9 &amp; les DPR<\/li><li>Topographie &amp; des \u00e9tudes de site<\/li><li>Conception &amp; l\u2019ing\u00e9nierie d\u00e9taill\u00e9e<\/li><li>Fourniture, installation &amp; mise en service des machines et de l\u2019\u00e9quipement<\/li><li>Formation en Inde &amp; sur le site de projet<\/li><li>Transfert de technologie<\/li><li>Production &amp; essais<\/li><li>Gestion &amp; support technique<\/li><\/ul><\/div><\/div><\/div><\/div><\/div><\/div>\t\t\t\t\t\t\t\t<\/div>\n\t\t\t\t<\/div>\n\t\t\t\t<\/div>\n\t\t<div class=\"elementor-element elementor-element-1e31400 e-flex e-con-boxed wpr-particle-no wpr-jarallax-no wpr-parallax-no wpr-sticky-section-no e-con e-child\" data-id=\"1e31400\" data-element_type=\"container\" data-e-type=\"container\">\n\t\t\t\t\t<div class=\"e-con-inner\">\n\t\t\t\t<div class=\"elementor-element elementor-element-accacd5 gallery-spacing-custom elementor-widget elementor-widget-image-gallery\" data-id=\"accacd5\" data-element_type=\"widget\" data-e-type=\"widget\" data-widget_type=\"image-gallery.default\">\n\t\t\t\t<div class=\"elementor-widget-container\">\n\t\t\t\t\t\t\t<div class=\"elementor-image-gallery\">\n\t\t\t<div id='gallery-1' class='gallery galleryid-503 gallery-columns-1 gallery-size-full'><figure class='gallery-item'>\n\t\t\t<div class='gallery-icon landscape'>\n\t\t\t\t<a data-elementor-open-lightbox=\"yes\" data-elementor-lightbox-slideshow=\"accacd5\" data-elementor-lightbox-title=\"banner1-300x150\" data-e-action-hash=\"#elementor-action%3Aaction%3Dlightbox%26settings%3DeyJpZCI6NTA2LCJ1cmwiOiJodHRwczpcL1wvZWlzLWVrYWdyb3VwLmNvbVwvd3AtY29udGVudFwvdXBsb2Fkc1wvMjAyNFwvMDZcL2Jhbm5lcjEtMzAweDE1MC0xLmpwZyIsInNsaWRlc2hvdyI6ImFjY2FjZDUifQ%3D%3D\" href='https:\/\/eis-ekagroup.com\/wp-content\/uploads\/2024\/06\/banner1-300x150-1.jpg'><img decoding=\"async\" width=\"300\" height=\"150\" src=\"https:\/\/eis-ekagroup.com\/wp-content\/uploads\/2024\/06\/banner1-300x150-1.jpg\" class=\"attachment-full size-full\" alt=\"\" \/><\/a>\n\t\t\t<\/div><\/figure><figure class='gallery-item'>\n\t\t\t<div class='gallery-icon landscape'>\n\t\t\t\t<a data-elementor-open-lightbox=\"yes\" data-elementor-lightbox-slideshow=\"accacd5\" data-elementor-lightbox-title=\"industrial-project-banner-2_1473665860_1484547339-300x150\" data-e-action-hash=\"#elementor-action%3Aaction%3Dlightbox%26settings%3DeyJpZCI6NTA3LCJ1cmwiOiJodHRwczpcL1wvZWlzLWVrYWdyb3VwLmNvbVwvd3AtY29udGVudFwvdXBsb2Fkc1wvMjAyNFwvMDZcL2luZHVzdHJpYWwtcHJvamVjdC1iYW5uZXItMl8xNDczNjY1ODYwXzE0ODQ1NDczMzktMzAweDE1MC0xLmpwZyIsInNsaWRlc2hvdyI6ImFjY2FjZDUifQ%3D%3D\" href='https:\/\/eis-ekagroup.com\/wp-content\/uploads\/2024\/06\/industrial-project-banner-2_1473665860_1484547339-300x150-1.jpg'><img decoding=\"async\" width=\"300\" height=\"150\" src=\"https:\/\/eis-ekagroup.com\/wp-content\/uploads\/2024\/06\/industrial-project-banner-2_1473665860_1484547339-300x150-1.jpg\" class=\"attachment-full size-full\" alt=\"\" \/><\/a>\n\t\t\t<\/div><\/figure>\n\t\t<\/div>\n\t\t<\/div>\n\t\t\t\t\t\t<\/div>\n\t\t\t\t<\/div>\n\t\t\t\t\t<\/div>\n\t\t\t\t<\/div>\n\t\t\t\t\t<\/div>\n\t\t\t\t<\/div>\n\t\t\t\t\t<\/div>\n\t\t\t\t<\/div>\n\t\t<div class=\"elementor-element elementor-element-2c4917c e-flex e-con-boxed wpr-particle-no wpr-jarallax-no wpr-parallax-no wpr-sticky-section-no e-con e-parent\" data-id=\"2c4917c\" data-element_type=\"container\" data-e-type=\"container\" data-settings=\"{&quot;background_background&quot;:&quot;classic&quot;}\">\n\t\t\t\t\t<div class=\"e-con-inner\">\n\t\t\t\t<div class=\"elementor-element elementor-element-a3ec560 elementor-widget-tablet__width-inherit elementor-widget elementor-widget-heading\" data-id=\"a3ec560\" data-element_type=\"widget\" data-e-type=\"widget\" data-widget_type=\"heading.default\">\n\t\t\t\t<div class=\"elementor-widget-container\">\n\t\t\t\t\t<h2 class=\"elementor-heading-title elementor-size-default\">Galerie des travaux<\/h2>\t\t\t\t<\/div>\n\t\t\t\t<\/div>\n\t\t\t\t<div class=\"elementor-element elementor-element-5763919 elementor-arrows-position-outside elementor-pagination-position-outside elementor-widget elementor-widget-image-carousel\" data-id=\"5763919\" data-element_type=\"widget\" data-e-type=\"widget\" data-settings=\"{&quot;slides_to_show&quot;:&quot;3&quot;,&quot;image_spacing_custom&quot;:{&quot;unit&quot;:&quot;px&quot;,&quot;size&quot;:2,&quot;sizes&quot;:[]},&quot;navigation&quot;:&quot;both&quot;,&quot;autoplay&quot;:&quot;yes&quot;,&quot;pause_on_hover&quot;:&quot;yes&quot;,&quot;pause_on_interaction&quot;:&quot;yes&quot;,&quot;autoplay_speed&quot;:5000,&quot;infinite&quot;:&quot;yes&quot;,&quot;speed&quot;:500,&quot;image_spacing_custom_tablet&quot;:{&quot;unit&quot;:&quot;px&quot;,&quot;size&quot;:&quot;&quot;,&quot;sizes&quot;:[]},&quot;image_spacing_custom_mobile&quot;:{&quot;unit&quot;:&quot;px&quot;,&quot;size&quot;:&quot;&quot;,&quot;sizes&quot;:[]}}\" data-widget_type=\"image-carousel.default\">\n\t\t\t\t<div class=\"elementor-widget-container\">\n\t\t\t\t\t\t\t<div class=\"elementor-image-carousel-wrapper swiper\" role=\"region\" aria-roledescription=\"carousel\" aria-label=\"Carrousel d\u2019images\" dir=\"ltr\">\n\t\t\t<div class=\"elementor-image-carousel swiper-wrapper\" aria-live=\"off\">\n\t\t\t\t\t\t\t\t<div class=\"swiper-slide\" role=\"group\" aria-roledescription=\"slide\" aria-label=\"1 sur 9\"><figure class=\"swiper-slide-inner\"><img decoding=\"async\" class=\"swiper-slide-image\" src=\"https:\/\/eis-ekagroup.com\/wp-content\/uploads\/2024\/06\/banner1-300x150-2.jpg\" alt=\"banner1-300x150\" \/><\/figure><\/div><div class=\"swiper-slide\" role=\"group\" aria-roledescription=\"slide\" aria-label=\"2 sur 9\"><figure class=\"swiper-slide-inner\"><img decoding=\"async\" class=\"swiper-slide-image\" src=\"https:\/\/eis-ekagroup.com\/wp-content\/uploads\/2024\/06\/gr-300x150-1.jpg\" alt=\"gr-300x150\" \/><\/figure><\/div><div class=\"swiper-slide\" role=\"group\" aria-roledescription=\"slide\" aria-label=\"3 sur 9\"><figure class=\"swiper-slide-inner\"><img decoding=\"async\" class=\"swiper-slide-image\" src=\"https:\/\/eis-ekagroup.com\/wp-content\/uploads\/2024\/06\/gra-300x150-1.jpg\" alt=\"gra-300x150\" \/><\/figure><\/div><div class=\"swiper-slide\" role=\"group\" aria-roledescription=\"slide\" aria-label=\"4 sur 9\"><figure class=\"swiper-slide-inner\"><img decoding=\"async\" class=\"swiper-slide-image\" src=\"https:\/\/eis-ekagroup.com\/wp-content\/uploads\/2024\/06\/on-300x150-1.jpg\" alt=\"on-300x150\" \/><\/figure><\/div><div class=\"swiper-slide\" role=\"group\" aria-roledescription=\"slide\" aria-label=\"5 sur 9\"><figure class=\"swiper-slide-inner\"><img decoding=\"async\" class=\"swiper-slide-image\" src=\"https:\/\/eis-ekagroup.com\/wp-content\/uploads\/2024\/06\/projets-industriels-eis-eka-300x150-1.jpg\" alt=\"projets-industriels-eis-eka-300x150\" \/><\/figure><\/div><div class=\"swiper-slide\" role=\"group\" aria-roledescription=\"slide\" aria-label=\"6 sur 9\"><figure class=\"swiper-slide-inner\"><img decoding=\"async\" class=\"swiper-slide-image\" src=\"https:\/\/eis-ekagroup.com\/wp-content\/uploads\/2024\/06\/WhatsApp-Image-2019-12-16-at-17.53.29-300x150-1.jpeg\" alt=\"WhatsApp-Image-2019-12-16-at-17.53.29-300x150\" \/><\/figure><\/div><div class=\"swiper-slide\" role=\"group\" aria-roledescription=\"slide\" aria-label=\"7 sur 9\"><figure class=\"swiper-slide-inner\"><img decoding=\"async\" class=\"swiper-slide-image\" src=\"https:\/\/eis-ekagroup.com\/wp-content\/uploads\/2024\/06\/WhatsApp-Image-2019-12-16-at-18.01.03-300x150-1.jpeg\" alt=\"WhatsApp-Image-2019-12-16-at-18.01.03-300x150\" \/><\/figure><\/div><div class=\"swiper-slide\" role=\"group\" aria-roledescription=\"slide\" aria-label=\"8 sur 9\"><figure class=\"swiper-slide-inner\"><img decoding=\"async\" class=\"swiper-slide-image\" src=\"https:\/\/eis-ekagroup.com\/wp-content\/uploads\/2024\/06\/industrial-project-banner-2_1473665860_1484547339-300x150-1.jpg\" alt=\"industrial-project-banner-2_1473665860_1484547339-300x150\" \/><\/figure><\/div><div class=\"swiper-slide\" role=\"group\" aria-roledescription=\"slide\" aria-label=\"9 sur 9\"><figure class=\"swiper-slide-inner\"><img decoding=\"async\" class=\"swiper-slide-image\" src=\"https:\/\/eis-ekagroup.com\/wp-content\/uploads\/2024\/06\/banner1-300x150-1.jpg\" alt=\"banner1-300x150\" \/><\/figure><\/div>\t\t\t<\/div>\n\t\t\t\t\t\t\t\t\t\t\t\t<div class=\"elementor-swiper-button elementor-swiper-button-prev\" role=\"button\" tabindex=\"0\">\n\t\t\t\t\t\t<svg aria-hidden=\"true\" class=\"e-font-icon-svg e-eicon-chevron-left\" viewBox=\"0 0 1000 1000\" xmlns=\"http:\/\/www.w3.org\/2000\/svg\"><path d=\"M646 125C629 125 613 133 604 142L308 442C296 454 292 471 292 487 292 504 296 521 308 533L604 854C617 867 629 875 646 875 663 875 679 871 692 858 704 846 713 829 713 812 713 796 708 779 692 767L438 487 692 225C700 217 708 204 708 187 708 171 704 154 692 142 675 129 663 125 646 125Z\"><\/path><\/svg>\t\t\t\t\t<\/div>\n\t\t\t\t\t<div class=\"elementor-swiper-button elementor-swiper-button-next\" role=\"button\" tabindex=\"0\">\n\t\t\t\t\t\t<svg aria-hidden=\"true\" class=\"e-font-icon-svg e-eicon-chevron-right\" viewBox=\"0 0 1000 1000\" xmlns=\"http:\/\/www.w3.org\/2000\/svg\"><path d=\"M696 533C708 521 713 504 713 487 713 471 708 454 696 446L400 146C388 133 375 125 354 125 338 125 325 129 313 142 300 154 292 171 292 187 292 204 296 221 308 233L563 492 304 771C292 783 288 800 288 817 288 833 296 850 308 863 321 871 338 875 354 875 371 875 388 867 400 854L696 533Z\"><\/path><\/svg>\t\t\t\t\t<\/div>\n\t\t\t\t\n\t\t\t\t\t\t\t\t\t<div class=\"swiper-pagination\"><\/div>\n\t\t\t\t\t\t\t\t\t<\/div>\n\t\t\t\t\t\t<\/div>\n\t\t\t\t<\/div>\n\t\t\t\t\t<\/div>\n\t\t\t\t<\/div>\n\t\t\t\t<\/div>\n\t\t","protected":false},"excerpt":{"rendered":"<p>Projets Industriels Le Groupe EIS-EKA entreprend des projets industriels dans diff\u00e9rents secteurs pour le d\u00e9veloppement de l\u2019infrastructure et de l\u2019industrie de transformation Nous nous concentrons principalement sur les secteurs suivants du projet : Usines textiles de coton P\u00e9trole &amp; gaz Parcs industriels &amp; ateliers Technologies de l\u2019information (TI) &amp; les t\u00e9l\u00e9communications Soci\u00e9t\u00e9 d\u2019ing\u00e9nierie, d\u2019approvisionnement et de construction (EPC), le Groupe EIS-EKA couvre tous les aspects des activit\u00e9s, \u00e0 savoir Faisabilit\u00e9 &amp; les DPR Topographie &amp; des \u00e9tudes de site Conception &amp; l\u2019ing\u00e9nierie d\u00e9taill\u00e9e Fourniture, installation &amp; mise en service des machines et de l\u2019\u00e9quipement Formation en Inde &amp; sur le site de projet Transfert de technologie Production &amp; essais Gestion &amp; support technique Galerie des travaux<\/p>\n","protected":false},"author":2,"featured_media":0,"parent":0,"menu_order":0,"comment_status":"closed","ping_status":"closed","template":"elementor_header_footer","meta":{"_eb_attr":"","footnotes":""},"class_list":["post-503","page","type-page","status-publish","hentry"],"_links":{"self":[{"href":"https:\/\/eis-ekagroup.com\/index.php?rest_route=\/wp\/v2\/pages\/503","targetHints":{"allow":["GET"]}}],"collection":[{"href":"https:\/\/eis-ekagroup.com\/index.php?rest_route=\/wp\/v2\/pages"}],"about":[{"href":"https:\/\/eis-ekagroup.com\/index.php?rest_route=\/wp\/v2\/types\/page"}],"author":[{"embeddable":true,"href":"https:\/\/eis-ekagroup.com\/index.php?rest_route=\/wp\/v2\/users\/2"}],"replies":[{"embeddable":true,"href":"https:\/\/eis-ekagroup.com\/index.php?rest_route=%2Fwp%2Fv2%2Fcomments&post=503"}],"version-history":[{"count":4,"href":"https:\/\/eis-ekagroup.com\/index.php?rest_route=\/wp\/v2\/pages\/503\/revisions"}],"predecessor-version":[{"id":517,"href":"https:\/\/eis-ekagroup.com\/index.php?rest_route=\/wp\/v2\/pages\/503\/revisions\/517"}],"wp:attachment":[{"href":"https:\/\/eis-ekagroup.com\/index.php?rest_route=%2Fwp%2Fv2%2Fmedia&parent=503"}],"curies":[{"name":"wp","href":"https:\/\/api.w.org\/{rel}","templated":true}]}}