{"id":66,"date":"2024-06-14T10:19:01","date_gmt":"2024-06-14T08:19:01","guid":{"rendered":"http:\/\/127.0.0.1\/eka-groupe\/?page_id=66"},"modified":"2025-04-03T15:49:14","modified_gmt":"2025-04-03T13:49:14","slug":"genie-civil","status":"publish","type":"page","link":"https:\/\/eis-ekagroup.com\/?page_id=66","title":{"rendered":"G\u00e9nie civil"},"content":{"rendered":"<style>.elementor-66 .elementor-element.elementor-element-0fc08c3:not(.elementor-motion-effects-element-type-background), .elementor-66 .elementor-element.elementor-element-0fc08c3 > .elementor-motion-effects-container > .elementor-motion-effects-layer{background-image:url(\"https:\/\/eis-ekagroup.com\/wp-content\/uploads\/2024\/06\/1ba12956-artesian-services-bg.png\");}.elementor-66 .elementor-element.elementor-element-0fc08c3{transition:background 0.3s, border 0.3s, border-radius 0.3s, box-shadow 0.3s;padding:60px 0px 60px 0px;}.elementor-66 .elementor-element.elementor-element-0fc08c3 > .elementor-background-overlay{transition:background 0.3s, border-radius 0.3s, opacity 0.3s;}.elementor-bc-flex-widget .elementor-66 .elementor-element.elementor-element-9fe1d83.elementor-column .elementor-widget-wrap{align-items:center;}.elementor-66 .elementor-element.elementor-element-9fe1d83.elementor-column.elementor-element[data-element_type=\"column\"] > .elementor-widget-wrap.elementor-element-populated{align-content:center;align-items:center;}.elementor-66 .elementor-element.elementor-element-9fe1d83.elementor-column > .elementor-widget-wrap{justify-content:center;}.elementor-66 .elementor-element.elementor-element-b244153.elementor-column > .elementor-widget-wrap{justify-content:center;}.elementor-66 .elementor-element.elementor-element-b244153 > .elementor-widget-wrap > .elementor-widget:not(.elementor-widget__width-auto):not(.elementor-widget__width-initial):not(:last-child):not(.elementor-absolute){margin-block-end:10px;}.elementor-widget-heading .elementor-heading-title{font-family:var( --e-global-typography-primary-font-family ), Sans-serif;font-weight:var( --e-global-typography-primary-font-weight );color:var( --e-global-color-primary );}.elementor-66 .elementor-element.elementor-element-e7ab47c{text-align:center;}.elementor-66 .elementor-element.elementor-element-e7ab47c .elementor-heading-title{font-family:\"Poppins\", Sans-serif;font-size:1rem;font-weight:700;text-transform:uppercase;color:#ED1C24;}.elementor-66 .elementor-element.elementor-element-79c1565{text-align:center;width:var( --container-widget-width, 70% );max-width:70%;--container-widget-width:70%;--container-widget-flex-grow:0;}.elementor-66 .elementor-element.elementor-element-79c1565 .elementor-heading-title{font-family:\"Poppins\", Sans-serif;font-size:2.5rem;font-weight:700;line-height:1.2em;color:#000000;}.elementor-66 .elementor-element.elementor-element-d24fd0c{--display:flex;--flex-direction:row;--container-widget-width:initial;--container-widget-height:100%;--container-widget-flex-grow:1;--container-widget-align-self:stretch;--flex-wrap-mobile:wrap;--justify-content:center;--margin-top:30px;--margin-bottom:0px;--margin-left:0px;--margin-right:0px;--padding-top:0px;--padding-bottom:0px;--padding-left:0px;--padding-right:0px;}.elementor-66 .elementor-element.elementor-element-d24fd0c.e-con{--align-self:center;}.elementor-66 .elementor-element.elementor-element-9047aa9 .eael-infobox .infobox-icon{align-self:center;}.elementor-66 .elementor-element.elementor-element-9047aa9 .eael_infobox_button_icon_right{margin-left:10px;}.elementor-66 .elementor-element.elementor-element-9047aa9 .eael_infobox_button_icon_left{margin-right:10px;}.elementor-66 .elementor-element.elementor-element-9047aa9 .eael-infobox .infobox-button .eael-infobox-button svg{rotate:0deg;height:16px;width:16px;}.elementor-66 .elementor-element.elementor-element-9047aa9 .eael-infobox .infobox-button .eael-infobox-button i{rotate:0deg;font-size:16px;}.elementor-66 .elementor-element.elementor-element-9047aa9 .eael-infobox .infobox-icon img{width:500px;padding:0px 0px 44px 0px;}.elementor-66 .elementor-element.elementor-element-9047aa9 .eael-infobox.icon-on-left .infobox-icon{width:500px;}.elementor-66 .elementor-element.elementor-element-9047aa9 .eael-infobox.icon-on-right .infobox-icon{width:500px;}.elementor-66 .elementor-element.elementor-element-9047aa9 .eael-infobox .infobox-button .eael-infobox-button .infobox-button-text{font-family:\"Poppins\", Sans-serif;font-size:1rem;font-weight:500;}.elementor-66 .elementor-element.elementor-element-9047aa9 .eael-infobox .infobox-button .eael-infobox-button img{height:16px;width:16px;}.elementor-66 .elementor-element.elementor-element-9047aa9 .eael-infobox .infobox-button a.eael-infobox-button{padding:0px 0px 0px 0px;}.elementor-66 .elementor-element.elementor-element-9047aa9 .eael-infobox .eael-infobox-button{color:#FF5E14;}.elementor-66 .elementor-element.elementor-element-9047aa9 .eael-infobox .eael-infobox-button svg{fill:#FF5E14;}.elementor-66 .elementor-element.elementor-element-9047aa9 .eael-infobox .infobox-content .title{color:#1D1D1D;font-family:\"Poppins\", Sans-serif;font-size:1.2rem;line-height:1.2em;margin:0px 0px 0px 0px;}.elementor-66 .elementor-element.elementor-element-9047aa9 .eael-infobox .infobox-content p{color:#5A5B6A;font-family:\"Poppins\", Sans-serif;line-height:1.5em;}.elementor-66 .elementor-element.elementor-element-9047aa9 .eael-infobox:hover .infobox-content h4{transition:100ms;}.elementor-66 .elementor-element.elementor-element-9047aa9 .eael-infobox:hover .infobox-content p{transition:100ms;}.elementor-66 .elementor-element.elementor-element-9047aa9 > .elementor-widget-container{margin:10px 10px 10px 10px;padding:50px 20px 50px 20px;background-color:#FFFFFF;box-shadow:0px 3px 25px 0px rgba(0, 0, 0, 0.2);}.elementor-66 .elementor-element.elementor-element-9047aa9{width:var( --container-widget-width, 33.594% );max-width:33.594%;--container-widget-width:33.594%;--container-widget-flex-grow:0;}.elementor-66 .elementor-element.elementor-element-9047aa9.elementor-element{--flex-grow:0;--flex-shrink:0;}.elementor-66 .elementor-element.elementor-element-9047aa9:hover .elementor-widget-container{box-shadow:0px 3px 30px 0px rgba(0, 0, 0, 0.3);}.elementor-66 .elementor-element.elementor-element-0ff38dc .eael-infobox .infobox-icon{align-self:center;}.elementor-66 .elementor-element.elementor-element-0ff38dc .eael_infobox_button_icon_right{margin-left:10px;}.elementor-66 .elementor-element.elementor-element-0ff38dc .eael_infobox_button_icon_left{margin-right:10px;}.elementor-66 .elementor-element.elementor-element-0ff38dc .eael-infobox .infobox-button .eael-infobox-button svg{rotate:0deg;height:16px;width:16px;}.elementor-66 .elementor-element.elementor-element-0ff38dc .eael-infobox .infobox-button .eael-infobox-button i{rotate:0deg;font-size:16px;}.elementor-66 .elementor-element.elementor-element-0ff38dc .eael-infobox .infobox-icon img{width:500px;padding:0px 0px 44px 0px;}.elementor-66 .elementor-element.elementor-element-0ff38dc .eael-infobox.icon-on-left .infobox-icon{width:500px;}.elementor-66 .elementor-element.elementor-element-0ff38dc .eael-infobox.icon-on-right .infobox-icon{width:500px;}.elementor-66 .elementor-element.elementor-element-0ff38dc .eael-infobox .infobox-button .eael-infobox-button .infobox-button-text{font-family:\"Poppins\", Sans-serif;font-size:1rem;font-weight:500;}.elementor-66 .elementor-element.elementor-element-0ff38dc .eael-infobox .infobox-button .eael-infobox-button img{height:16px;width:16px;}.elementor-66 .elementor-element.elementor-element-0ff38dc .eael-infobox .infobox-button a.eael-infobox-button{padding:0px 0px 0px 0px;}.elementor-66 .elementor-element.elementor-element-0ff38dc .eael-infobox .eael-infobox-button{color:#FF5E14;}.elementor-66 .elementor-element.elementor-element-0ff38dc .eael-infobox .eael-infobox-button svg{fill:#FF5E14;}.elementor-66 .elementor-element.elementor-element-0ff38dc .eael-infobox .infobox-content .title{color:#1D1D1D;font-family:\"Poppins\", Sans-serif;font-size:1.2rem;line-height:1.2em;margin:0px 0px 0px 0px;}.elementor-66 .elementor-element.elementor-element-0ff38dc .eael-infobox .infobox-content p{color:#5A5B6A;font-family:\"Poppins\", Sans-serif;line-height:1.5em;}.elementor-66 .elementor-element.elementor-element-0ff38dc .eael-infobox:hover .infobox-content h4{transition:100ms;}.elementor-66 .elementor-element.elementor-element-0ff38dc .eael-infobox:hover .infobox-content p{transition:100ms;}.elementor-66 .elementor-element.elementor-element-0ff38dc > .elementor-widget-container{margin:10px 10px 10px 10px;padding:50px 20px 50px 20px;background-color:#FFFFFF;box-shadow:0px 3px 25px 0px rgba(0, 0, 0, 0.2);}.elementor-66 .elementor-element.elementor-element-0ff38dc{width:var( --container-widget-width, 33.55% );max-width:33.55%;--container-widget-width:33.55%;--container-widget-flex-grow:0;}.elementor-66 .elementor-element.elementor-element-0ff38dc.elementor-element{--flex-grow:0;--flex-shrink:0;}.elementor-66 .elementor-element.elementor-element-0ff38dc:hover .elementor-widget-container{box-shadow:0px 3px 30px 0px rgba(0, 0, 0, 0.3);}.elementor-66 .elementor-element.elementor-element-c83a876 .eael-infobox .infobox-icon{align-self:center;}.elementor-66 .elementor-element.elementor-element-c83a876 .eael_infobox_button_icon_right{margin-left:10px;}.elementor-66 .elementor-element.elementor-element-c83a876 .eael_infobox_button_icon_left{margin-right:10px;}.elementor-66 .elementor-element.elementor-element-c83a876 .eael-infobox .infobox-button .eael-infobox-button svg{rotate:0deg;height:16px;width:16px;}.elementor-66 .elementor-element.elementor-element-c83a876 .eael-infobox .infobox-button .eael-infobox-button i{rotate:0deg;font-size:16px;}.elementor-66 .elementor-element.elementor-element-c83a876 .eael-infobox .infobox-icon img{width:500px;padding:0px 0px 44px 0px;}.elementor-66 .elementor-element.elementor-element-c83a876 .eael-infobox.icon-on-left .infobox-icon{width:500px;}.elementor-66 .elementor-element.elementor-element-c83a876 .eael-infobox.icon-on-right .infobox-icon{width:500px;}.elementor-66 .elementor-element.elementor-element-c83a876 .eael-infobox .infobox-button .eael-infobox-button .infobox-button-text{font-family:\"Poppins\", Sans-serif;font-size:1rem;font-weight:500;}.elementor-66 .elementor-element.elementor-element-c83a876 .eael-infobox .infobox-button .eael-infobox-button img{height:16px;width:16px;}.elementor-66 .elementor-element.elementor-element-c83a876 .eael-infobox .infobox-button a.eael-infobox-button{padding:0px 0px 0px 0px;}.elementor-66 .elementor-element.elementor-element-c83a876 .eael-infobox .eael-infobox-button{color:#FF5E14;}.elementor-66 .elementor-element.elementor-element-c83a876 .eael-infobox .eael-infobox-button svg{fill:#FF5E14;}.elementor-66 .elementor-element.elementor-element-c83a876 .eael-infobox .infobox-content .title{color:#1D1D1D;font-family:\"Poppins\", Sans-serif;font-size:1.2rem;line-height:1.2em;margin:0px 0px 0px 0px;}.elementor-66 .elementor-element.elementor-element-c83a876 .eael-infobox .infobox-content p{color:#5A5B6A;font-family:\"Poppins\", Sans-serif;line-height:1.5em;}.elementor-66 .elementor-element.elementor-element-c83a876 .eael-infobox:hover .infobox-content h4{transition:100ms;}.elementor-66 .elementor-element.elementor-element-c83a876 .eael-infobox:hover .infobox-content p{transition:100ms;}.elementor-66 .elementor-element.elementor-element-c83a876 > .elementor-widget-container{margin:10px 10px 10px 10px;padding:50px 20px 50px 20px;background-color:#FFFFFF;box-shadow:0px 3px 25px 0px rgba(0, 0, 0, 0.2);}.elementor-66 .elementor-element.elementor-element-c83a876{width:var( --container-widget-width, 33.55% );max-width:33.55%;--container-widget-width:33.55%;--container-widget-flex-grow:0;}.elementor-66 .elementor-element.elementor-element-c83a876.elementor-element{--flex-grow:0;--flex-shrink:0;}.elementor-66 .elementor-element.elementor-element-c83a876:hover .elementor-widget-container{box-shadow:0px 3px 30px 0px rgba(0, 0, 0, 0.3);}@media(max-width:1024px){.elementor-66 .elementor-element.elementor-element-0fc08c3{padding:30px 0px 30px 0px;}.elementor-66 .elementor-element.elementor-element-79c1565{width:100%;max-width:100%;}.elementor-66 .elementor-element.elementor-element-9047aa9 > .elementor-widget-container{margin:0px 0px 0px 0px;padding:16px 16px 16px 16px;}.elementor-66 .elementor-element.elementor-element-0ff38dc > .elementor-widget-container{margin:0px 0px 0px 0px;padding:16px 16px 16px 16px;}.elementor-66 .elementor-element.elementor-element-c83a876 > .elementor-widget-container{margin:0px 0px 0px 0px;padding:16px 16px 16px 16px;}}@media(max-width:767px){.elementor-66 .elementor-element.elementor-element-79c1565 .elementor-heading-title{font-size:1.4rem;}.elementor-66 .elementor-element.elementor-element-9047aa9{width:var( --container-widget-width, 296.854px );max-width:296.854px;--container-widget-width:296.854px;--container-widget-flex-grow:0;}.elementor-66 .elementor-element.elementor-element-0ff38dc{width:var( --container-widget-width, 299.941px );max-width:299.941px;--container-widget-width:299.941px;--container-widget-flex-grow:0;}.elementor-66 .elementor-element.elementor-element-c83a876{width:var( --container-widget-width, 299.941px );max-width:299.941px;--container-widget-width:299.941px;--container-widget-flex-grow:0;}}<\/style>\t\t<div data-elementor-type=\"wp-page\" data-elementor-id=\"66\" class=\"elementor elementor-66\">\n\t\t\t\t\t\t<section class=\"elementor-section elementor-top-section elementor-element elementor-element-0fc08c3 elementor-section-boxed elementor-section-height-default elementor-section-height-default wpr-particle-no wpr-jarallax-no wpr-parallax-no wpr-sticky-section-no\" data-id=\"0fc08c3\" data-element_type=\"section\" data-e-type=\"section\" data-settings=\"{&quot;background_background&quot;:&quot;classic&quot;}\">\n\t\t\t\t\t\t<div class=\"elementor-container elementor-column-gap-default\">\n\t\t\t\t\t<div class=\"elementor-column elementor-col-100 elementor-top-column elementor-element elementor-element-9fe1d83\" data-id=\"9fe1d83\" data-element_type=\"column\" data-e-type=\"column\">\n\t\t\t<div class=\"elementor-widget-wrap elementor-element-populated\">\n\t\t\t\t\t\t<section class=\"elementor-section elementor-inner-section elementor-element elementor-element-b5a4fe4 elementor-section-boxed elementor-section-height-default elementor-section-height-default wpr-particle-no wpr-jarallax-no wpr-parallax-no wpr-sticky-section-no elementor-invisible\" data-id=\"b5a4fe4\" data-element_type=\"section\" data-e-type=\"section\" data-settings=\"{&quot;animation&quot;:&quot;fadeInUp&quot;}\">\n\t\t\t\t\t\t<div class=\"elementor-container elementor-column-gap-default\">\n\t\t\t\t\t<div class=\"elementor-column elementor-col-100 elementor-inner-column elementor-element elementor-element-b244153\" data-id=\"b244153\" data-element_type=\"column\" data-e-type=\"column\">\n\t\t\t<div class=\"elementor-widget-wrap elementor-element-populated\">\n\t\t\t\t\t\t<div class=\"elementor-element elementor-element-e7ab47c elementor-widget elementor-widget-heading\" data-id=\"e7ab47c\" data-element_type=\"widget\" data-e-type=\"widget\" data-widget_type=\"heading.default\">\n\t\t\t\t<div class=\"elementor-widget-container\">\n\t\t\t\t\t<h5 class=\"elementor-heading-title elementor-size-default\">Genie civil<\/h5>\t\t\t\t<\/div>\n\t\t\t\t<\/div>\n\t\t\t\t<div class=\"elementor-element elementor-element-79c1565 elementor-widget__width-initial elementor-widget-tablet__width-inherit elementor-widget elementor-widget-heading\" data-id=\"79c1565\" data-element_type=\"widget\" data-e-type=\"widget\" data-widget_type=\"heading.default\">\n\t\t\t\t<div class=\"elementor-widget-container\">\n\t\t\t\t\t<h2 class=\"elementor-heading-title elementor-size-default\">Nos projets <\/h2>\t\t\t\t<\/div>\n\t\t\t\t<\/div>\n\t\t\t\t\t<\/div>\n\t\t<\/div>\n\t\t\t\t\t<\/div>\n\t\t<\/section>\n\t\t<div class=\"elementor-element elementor-element-d24fd0c e-flex e-con-boxed wpr-particle-no wpr-jarallax-no wpr-parallax-no wpr-sticky-section-no e-con e-parent\" data-id=\"d24fd0c\" data-element_type=\"container\" data-e-type=\"container\">\n\t\t\t\t\t<div class=\"e-con-inner\">\n\t\t\t\t<div class=\"elementor-element elementor-element-9047aa9 elementor-widget__width-initial elementor-widget-mobile__width-initial eael-infobox-content-align--center eael-infobox-shape-square eael-infobox-hover-img-shape-square elementor-invisible elementor-widget elementor-widget-eael-info-box\" data-id=\"9047aa9\" data-element_type=\"widget\" data-e-type=\"widget\" data-settings=\"{&quot;_animation&quot;:&quot;fadeInLeft&quot;}\" data-widget_type=\"eael-info-box.default\">\n\t\t\t\t<div class=\"elementor-widget-container\">\n\t\t\t\t\t        <div class=\"eael-infobox icon-on-top\">\n\t            <div class=\"infobox-icon\">\n\n                            <img decoding=\"async\" src=\"https:\/\/eis-ekagroup.com\/wp-content\/uploads\/2024\/06\/eis-eka-burundi-kenya-2.jpeg\" alt=\"\">\n            \n            \n            \n        <\/div>\n            <div class=\"infobox-content\">\n                    <div class=\"infobox-title-section\">\n                <h2 class=\"title\">Construction des Routes , Ponts et B\u00e2timents<\/h2>            <\/div>\n            <div><p>Le d\u00e9veloppement de l&rsquo;infrastructure sociale est un \u00e9l\u00e9ment essentiel et l&rsquo;obligation morale de tous les pays.\u00a0<\/p><\/div>        <div class=\"infobox-button\">\n            <a class=\"eael-infobox-button\" href=\"https:\/\/eis-ekagroup.com\/?page_id=414\">\n                                                <span class=\"infobox-button-text\">Voir plus<\/span>\n                                                            <svg aria-hidden=\"true\" class=\"eael_infobox_button_icon_right e-font-icon-svg e-fas-long-arrow-alt-right\" viewBox=\"0 0 448 512\" xmlns=\"http:\/\/www.w3.org\/2000\/svg\"><path d=\"M313.941 216H12c-6.627 0-12 5.373-12 12v56c0 6.627 5.373 12 12 12h301.941v46.059c0 21.382 25.851 32.09 40.971 16.971l86.059-86.059c9.373-9.373 9.373-24.569 0-33.941l-86.059-86.059c-15.119-15.119-40.971-4.411-40.971 16.971V216z\"><\/path><\/svg>                                                <\/a>\n        <\/div>\n            <\/div>\n            <\/div>\n\n\t\t\t\t\t\t<\/div>\n\t\t\t\t<\/div>\n\t\t\t\t<div class=\"elementor-element elementor-element-0ff38dc elementor-widget__width-initial elementor-widget-mobile__width-initial eael-infobox-content-align--center eael-infobox-shape-square eael-infobox-hover-img-shape-square elementor-invisible elementor-widget elementor-widget-eael-info-box\" data-id=\"0ff38dc\" data-element_type=\"widget\" data-e-type=\"widget\" data-settings=\"{&quot;_animation&quot;:&quot;fadeInRight&quot;}\" data-widget_type=\"eael-info-box.default\">\n\t\t\t\t<div class=\"elementor-widget-container\">\n\t\t\t\t\t        <div class=\"eael-infobox icon-on-top\">\n\t            <div class=\"infobox-icon\">\n\n                            <img decoding=\"async\" src=\"https:\/\/eis-ekagroup.com\/wp-content\/uploads\/2024\/06\/ame.jpg\" alt=\"\">\n            \n            \n            \n        <\/div>\n            <div class=\"infobox-content\">\n                    <div class=\"infobox-title-section\">\n                <h2 class=\"title\">Am\u00e9nagement hydro-agricole<\/h2>            <\/div>\n            <div><p>L&rsquo;irrigation et l&rsquo;agriculture est le pilier de toutes les \u00e9conomies en d\u00e9veloppement du monde, surtout en Afrique.<\/p><\/div>        <div class=\"infobox-button\">\n            <a class=\"eael-infobox-button\" href=\"https:\/\/eis-ekagroup.com\/?page_id=473\">\n                                                <span class=\"infobox-button-text\">Explore More<\/span>\n                                                            <svg aria-hidden=\"true\" class=\"eael_infobox_button_icon_right e-font-icon-svg e-fas-long-arrow-alt-right\" viewBox=\"0 0 448 512\" xmlns=\"http:\/\/www.w3.org\/2000\/svg\"><path d=\"M313.941 216H12c-6.627 0-12 5.373-12 12v56c0 6.627 5.373 12 12 12h301.941v46.059c0 21.382 25.851 32.09 40.971 16.971l86.059-86.059c9.373-9.373 9.373-24.569 0-33.941l-86.059-86.059c-15.119-15.119-40.971-4.411-40.971 16.971V216z\"><\/path><\/svg>                                                <\/a>\n        <\/div>\n            <\/div>\n            <\/div>\n\n\t\t\t\t\t\t<\/div>\n\t\t\t\t<\/div>\n\t\t\t\t<div class=\"elementor-element elementor-element-c83a876 elementor-widget__width-initial elementor-widget-mobile__width-initial eael-infobox-content-align--center eael-infobox-shape-square eael-infobox-hover-img-shape-square elementor-invisible elementor-widget elementor-widget-eael-info-box\" data-id=\"c83a876\" data-element_type=\"widget\" data-e-type=\"widget\" data-settings=\"{&quot;_animation&quot;:&quot;fadeInRight&quot;}\" data-widget_type=\"eael-info-box.default\">\n\t\t\t\t<div class=\"elementor-widget-container\">\n\t\t\t\t\t        <div class=\"eael-infobox icon-on-top\">\n\t            <div class=\"infobox-icon\">\n\n                            <img decoding=\"async\" src=\"https:\/\/eis-ekagroup.com\/wp-content\/uploads\/2024\/06\/file-20181009-72124-167dy65.jpg\" alt=\"\">\n            \n            \n            \n        <\/div>\n            <div class=\"infobox-content\">\n                    <div class=\"infobox-title-section\">\n                <h2 class=\"title\">R\u00e9alisation d'une \u00e9tude technique<\/h2>            <\/div>\n            <div><p>Nos experts analysent les aspects techniques et vous proposent des solutions viables gr\u00e2ce \u00e0 notre expertise approfondie.<\/p><\/div>        <div class=\"infobox-button\">\n            <a class=\"eael-infobox-button\" href=\"#\">\n                                                <span class=\"infobox-button-text\">Voir plus<\/span>\n                                                            <svg aria-hidden=\"true\" class=\"eael_infobox_button_icon_right e-font-icon-svg e-fas-long-arrow-alt-right\" viewBox=\"0 0 448 512\" xmlns=\"http:\/\/www.w3.org\/2000\/svg\"><path d=\"M313.941 216H12c-6.627 0-12 5.373-12 12v56c0 6.627 5.373 12 12 12h301.941v46.059c0 21.382 25.851 32.09 40.971 16.971l86.059-86.059c9.373-9.373 9.373-24.569 0-33.941l-86.059-86.059c-15.119-15.119-40.971-4.411-40.971 16.971V216z\"><\/path><\/svg>                                                <\/a>\n        <\/div>\n            <\/div>\n            <\/div>\n\n\t\t\t\t\t\t<\/div>\n\t\t\t\t<\/div>\n\t\t\t\t\t<\/div>\n\t\t\t\t<\/div>\n\t\t\t\t\t<\/div>\n\t\t<\/div>\n\t\t\t\t\t<\/div>\n\t\t<\/section>\n\t\t\t\t<\/div>\n\t\t","protected":false},"excerpt":{"rendered":"<p>Genie civil Nos projets Construction des Routes , Ponts et B\u00e2timents Le d\u00e9veloppement de l&rsquo;infrastructure sociale est un \u00e9l\u00e9ment essentiel et l&rsquo;obligation morale de tous les pays.\u00a0 Voir plus Am\u00e9nagement hydro-agricole L&rsquo;irrigation et l&rsquo;agriculture est le pilier de toutes les \u00e9conomies en d\u00e9veloppement du monde, surtout en Afrique. Explore More R\u00e9alisation d&rsquo;une \u00e9tude technique Nos experts analysent les aspects techniques et vous proposent des solutions viables gr\u00e2ce \u00e0 notre expertise approfondie. Voir plus<\/p>\n","protected":false},"author":2,"featured_media":0,"parent":0,"menu_order":0,"comment_status":"closed","ping_status":"closed","template":"elementor_header_footer","meta":{"_eb_attr":"","footnotes":""},"class_list":["post-66","page","type-page","status-publish","hentry"],"_links":{"self":[{"href":"https:\/\/eis-ekagroup.com\/index.php?rest_route=\/wp\/v2\/pages\/66","targetHints":{"allow":["GET"]}}],"collection":[{"href":"https:\/\/eis-ekagroup.com\/index.php?rest_route=\/wp\/v2\/pages"}],"about":[{"href":"https:\/\/eis-ekagroup.com\/index.php?rest_route=\/wp\/v2\/types\/page"}],"author":[{"embeddable":true,"href":"https:\/\/eis-ekagroup.com\/index.php?rest_route=\/wp\/v2\/users\/2"}],"replies":[{"embeddable":true,"href":"https:\/\/eis-ekagroup.com\/index.php?rest_route=%2Fwp%2Fv2%2Fcomments&post=66"}],"version-history":[{"count":52,"href":"https:\/\/eis-ekagroup.com\/index.php?rest_route=\/wp\/v2\/pages\/66\/revisions"}],"predecessor-version":[{"id":1494,"href":"https:\/\/eis-ekagroup.com\/index.php?rest_route=\/wp\/v2\/pages\/66\/revisions\/1494"}],"wp:attachment":[{"href":"https:\/\/eis-ekagroup.com\/index.php?rest_route=%2Fwp%2Fv2%2Fmedia&parent=66"}],"curies":[{"name":"wp","href":"https:\/\/api.w.org\/{rel}","templated":true}]}}